r when 1214 is divided by 12.
2
What is the remainder when 3779 is divided by 1218?
125
What is the remainder when 51808 is divided by 165?
163
What is the remainder when 2038697 is divided by 15?
2
Calculate the remainder when 2019 is divided by 210.
129
What is the remainder when 3219 is divided by 54?
33
Calculate the remainder when 224447 is divided by 7.
6
What is the remainder when 94720 is divided by 225?
220
Calculate the remainder when 17207 is divided by 574.
561
What is the remainder when 16785 is divided by 5087?
1524
What is the remainder when 24569 is divided by 24566?
3
Calculate the remainder when 5633 is divided by 2769.
95
Calculate the remainder when 112446 is divided by 112409.
37
What is the remainder when 91787 is divided by 63?
59
What is the remainder when 9025 is divided by 565?
550
Calculate the remainder when 591497 is divided by 845.
842
What is the remainder when 91087 is divided by 30360?
7
Calculate the remainder when 922 is divided by 286.
64
Calculate the remainder when 2050 is divided by 20.
10
What is the remainder when 4575 is divided by 190?
15
Calculate the remainder when 17342 is divided by 791.
731
What is the remainder when 36020 is divided by 277?
10
What is the remainder when 384 is divided by 176?
32
What is the remainder when 11986 is divided by 2442?
2218
Calculate the remainder when 1264 is divided by 289.
108
Calculate the remainder when 163524 is divided by 1055.
1054
Calculate the remainder when 142257 is divided by 2634.
21
What is the remainder when 17557 is divided by 66?
1
What is the remainder when 495465 is divided by 165151?
12
Calculate the remainder when 713528 is divided by 49.
39
Calculate the remainder when 3046151 is divided by 1407.
1403
Calculate the remainder when 10320 is divided by 2030.
170
What is the remainder when 10991 is divided by 3456?
623
Calculate the remainder when 7758 is divided by 205.
173
Calculate the remainder when 13230 is divided by 26.
22
What is the remainder when 33004 is divided by 3?
1
Calculate the remainder when 181915 is divided by 98.
27
What is the remainder when 44490 is divided by 142?
44
Calculate the remainder when 54416 is divided by 54391.
25
Calculate the remainder when 178 is divided by 143.
35
Calculate the remainder when 14210 is divided by 3550.
10
Calculate the remainder when 25360 is divided by 939.
7
What is the remainder when 30983 is divided by 3371?
644
What is the remainder when 90999 is divided by 250?
249
Calculate the remainder when 510 is divided by 158.
36
What is the remainder when 374826 is divided by 5?
1
Calculate the remainder when 276205 is divided by 92068.
1
What is the remainder when 13567 is divided by 13466?
101
Calculate the remainder when 373355 is divided by 65.
60
Calculate the remainder when 16623 is divided by 749.
145
Calculate the remainder when 133982 is divided by 341.
310
What is the remainder when 2072 is divided by 1797?
275
What is the remainder when 14282 is divided by 67?
11
Calculate the remainder when 43894 is divided by 5484.
22
Calculate the remainder when 16538 is divided by 474.
422
What is the remainder when 1485229 is divided by 39?
31
Calculate the remainder when 139649 is divided by 531.
527
Calculate the remainder when 366398 is divided by 37.
24
Calculate the remainder when 6721 is divided by 217.
211
Calculate the remainder when 5208 is divided by 399.
21
Calculate the remainder when 14415 is divided by 57.
51
What is the remainder when 74185 is divided by 44?
1
What is the remainder when 7617 is divided by 37?
32
Calculate the remainder when 23284 is divided by 274.
268
What is the remainder when 866 is divided by 857?
9
What is the remainder when 209440 is divided by 585?
10
Calculate the remainder when 2441 is divided by 790.
71
What is the remainder when 477431 is divided by 57?
56
What is the remainder when 1543 is divided by 157?
130
Calculate the remainder when 15349 is divided by 95.
54
What is the remainder when 13895 is divided by 6?
5
What is the remainder when 18733 is divided by 20?
13
Calculate the remainder when 67827 is divided by 35.
32
What is the remainder when 421 is divided by 34?
13
What is the remainder when 11579 is divided by 1440?
59
What is the remainder when 476473 is divided by 29?
3
Calculate the remainder when 843374 is divided by 421685.
4
What is the remainder when 1005 is divided by 195?
30
What is the remainder when 1044 is divided by 350?
344
What is the remainder when 1383 is divided by 328?
71
What is the remainder when 910653 is divided by 144?
141
What is the remainder when 5919 is divided by 1965?
24
Calculate the remainder when 1136 is divided by 208.
96
What is the remainder when 4648 is divided by 5?
3
What is the remainder when 792 is divided by 784?
8
What is the remainder when 77322 is divided by 75?
72
Calculate the remainder when 23191 is divided by 1288.
7
Calculate the remainder when 15406 is divided by 3851.
2
What is the remainder when 3473 is divided by 382?
35
What is the remainder when 11587 is divided by 1051?
26
What is the remainder when 10038 is divided by 2454?
222
What is the remainder when 27450 is divided by 2109?
33
Calculate the remainder when 1520 is divided by 100.
20
What is the remainder when 49465 is divided by 11?
9
Calculate the remainder when 57778 is divided by 458.
70
Calculate the remainder when 482457 is divided by 68.
65
What is the remainder when 113971 is divided by 14?
11
What is the remainder when 3432 is divided by 3203?
229
What is the remainder when 460 is divided by 66?
64
Calculate the remainder when 25272 is divided by 284.
280
What is the remainder when 8675 is divided by 947?
152
Calculate the remainder when 1747 is divided by 10.
7
Calculate the remainder when 13275 is divided by 4.
3
Calculate the remainder when 158048 is divided by 505.
488
Calculate the remainder when 14097 is divided by 13.
5
Calculate the remainder when 568978 is divided by 20.
18
Calculate the remainder when 59138 is divided by 2112.
2
What is the remainder when 3188 is divided by 1310?
568
What is the remainder when 54423 is divided by 94?
91
Calculate the remainder when 204931 is divided by 51232.
3
Calculate the remainder when 1824 is divided by 245.
109
What is the remainder when 94686 is divided by 557?
553
Calculate the remainder when 1604 is divided by 44.
20
Calculate the remainder when 15105 is divided by 4996.
117
What is the remainder when 673885 is divided by 336931?
23
Calculate the remainder when 1264 is divided by 1252.
12
Calculate the remainder when 1221 is divided by 40.
21
What is the remainder when 13604 is divided by 108?
104
Calculate the remainder when 95931 is divided by 90.
81
What is the remainder when 30646 is divided by 30628?
18
What is the remainder when 32212 is divided by 139?
103
Calculate the remainder when 1341 is divided by 177.
102
What is the remainder when 183191 is divided by 50?
41
What is the remainder when 2868 is divided by 610?
428
What is the remainder when 211270 is divided by 6?
4
Calculate the remainder when 4869 is divided by 175.
144
What is the remainder when 708590 is divided by 49?
1
What is the remainder when 68416 is divided by 1?
0
Calculate the remainder when 425983 is divided by 218.
11
Calculate the remainder when 3156 is divided by 560.
356
What is the remainder when 2902380 is divided by 547?
545
What is the remainder when 534320 is divided by 84?
80
Calculate the remainder when 1349805 is divided by 8.
5
Calculate the remainder when 1852 is divided by 1839.
13
What is the remainder when 1355901 is divided by 64?
61
Calculate the remainder when 732 is divided by 262.
208
Calculate the remainder when 17063 is divided by 72.
71
Calculate the remainder when 1725 is divided by 1702.
23
Calculate the remainder when 546 is divided by 29.
24
Calculate the remainder when 1010 is divided by 87.
53
Calculate the remainder when 1037 is divided by 512.
13
Calculate the remainder when 691 is divided by 53.
2
What is the remainder when 10150 is divided by 78?
10
What is the remainder when 2372 is divided by 104?
84
What is the remainder when 101839 is divided by 3394?
19
What is the remainder when 4746 is divided by 1186?
2
Calculate the remainder when 5055 is divided by 